second derivative of a(g). Determine v(6).
-7
Let r(k) be the third derivative of 2*k**2 + 1/24*k**4 - 4/3*k**3 + 0 + 0*k. What is r(4)?
-4
Let w(t) be the third derivative of -t**7/840 - t**6/180 + t**5/120 - t**4/24 - t**3/6 + 3*t**2. Let g(d) be the first derivative of w(d). Give g(-3).
5
Let t be (-1)/(3/17) + 19/(-57). Let h(d) = -d**3 - 6*d**2 - 2*d - 7. Calculate h(t).
5
Let v(o) = -o**2 + 7*o - 4. Suppose t + 3 = -10. Let b = t + -7. Let x be ((-8)/b)/(2/30). Give v(x).
2
Let v(q) = -2*q - q**2 - 1445 + 2*q + 1439. Let y = 1 + -1. Calculate v(y).
-6
Suppose 4*a - 6*a = 0. Let m(g) = g**2 + g - 6. Give m(a).
-6
Let l(g) = -g**3 - 3*g**2 + 5*g + 2. Suppose 3 = 3*t + 15. Give l(t).
-2
Let o = 10 + -5. Let j(t) = -2*t + 5. Let v be j(o). Let k(h) = h - 1. Calculate k(v).
-6
Let m(d) = d**2 + d + 2. Let n(u) = u + 3. Let x be n(6). Let a(g) = g**2 - 5*g - 2. Let b be a(6). Suppose -1 + x = -b*v. Calculate m(v).
4
Let j(v) = 3 - v**3 - 8*v**2 + v**2 - 5*v + 2*v**2. Calculate j(-4).
7
Suppose -5 = -3*s + 4. Let n(z) be the second derivative of 0 + 1/2*z**2 + z - z**s. Give n(1).
-5
Suppose -4 = 4*q - 16. Let z(n) be the second derivative of n**3 + 1/12*n**4 - q*n**2 + 0 + 2*n. Determine z(-6).
-6
Let v(f) = -f - 3. Let x = -2 - -6. Suppose 2*p = -3*z + 9, 2*p - 2*z - 4 = -10. Suppose p*h = -h - x. Give v(h).
1
Let i(m) = m - 5*m**2 + 14 + 4*m**2 - 13 + 0*m. Calculate i(1).
1
Let v(h) = 2*h**2 - h - 3. Let c be v(2). Let j(o) = -2*o**2 + 2*o - 2. Give j(c).
-14
Let t(g) = -g - 11. Let x be t(-13). Let d(f) = f**2 + 2. Let p be d(0). Let z(o) = -4 + p - 2*o**2 + 3 + 3*o**x. Determine z(1).
2
Let p(n) = -n + 17. Let w be p(12). Let v(z) = -2*z. Determine v(w).
-10
Let c = 5 + -1. Let x(h) = 3*h**3 - 16*h**2 - 13*h - 19. Let f(a) = a**3 - 5*a**2 - 4*a - 6. Let s(u) = 7*f(u) - 2*x(u). Calculate s(c).
4
Let u(p) = -p**2 + 2*p - 1. Let c(i) = -19*i**3 + 10*i**3 - 5*i**2 + 4*i + 1 + 10*i**3. Let g be c(4). What is u(g)?
0
Let v(i) be the first derivative of 2*i**3/3 + i + 1. Let t be 3 + 3/((-15)/20). Calculate v(t).
3
Let o(u) = -8*u + 19*u - 5*u - 2 + u**3 - 7*u + u**2. Determine o(0).
-2
Let a(q) = q**3 + 12*q**2 + 7*q - 5. Let c(g) = -g**2 - g + 1. Let d(v) = -a(v) - 6*c(v). Suppose -3*k + 1 + 1 = -5*i, 3*i + 30 = -3*k. Calculate d(k).
5
Let i = -77 + 75. Let p(o) = -2*o**2 - 5*o - 5. Let q(f) = 6*f**2 + 16*f + 16. Let c be 8/5 + 4/10. Let w(h) = c*q(h) + 7*p(h). Give w(i).
-5
Let n(v) be the third derivative of -1/6*v**3 + 3*v**2 - 1/24*v**4 + 0 + 0*v. Determine n(2).
-3
Suppose 9 + 6 = -3*v. Let b(n) be the first derivative of -n**3/3 - 7*n**2/2 + 2*n + 17. Calculate b(v).
12
Let l(w) = -w**2 - 8*w - 7. Let i be l(-7). Let t(a) = a - 3 + a**2 - 2*a - 4. Calculate t(i).
-7
Suppose 3 = 2*h - s, -s + 27 = 3*h + 2*s. Let g = 2 - h. Let n(z) be the first derivative of -z**2 + z + 5. What is n(g)?
5
Let p(i) = -19*i + 1. Suppose 0 = -13*h - 13. Determine p(h).
20
Let a(q) be the second derivative of 0*q**2 + 2*q + 1/6*q**3 + 0. Give a(0).
0
Let l be 16/(-12)*(-1 - -4). Let y = -8 + 15. Let i = l + y. Let m(v) = -v + 1. Give m(i).
-2
Let q(s) = 5*s. Let w be (-38)/(-8) + (-3)/(-12). Suppose 6*o - w*o - 2 = 0. Calculate q(o).
10
Let t(h) be the third derivative of -1/3*h**3 + 2*h**2 - 1/30*h**5 + 0*h - 1/6*h**4 + 0. Let x(r) = r**2 + 5*r - 8. Let v be x(-6). What is t(v)?
-2
Let t(s) be the third derivative of -s**6/120 - s**5/15 + s**4/24 + s**3/3 + 13*s**2. Calculate t(-4).
-2
Let r(g) = 8*g - 10*g**2 + 9*g**2 - 4*g. Let x be (-2)/4 - 14/(-4). Calculate r(x).
3
Let u(n) be the second derivative of 0 + 3*n**2 - 1/6*n**3 - 6*n. Give u(6).
0
Suppose -2*z = -4*g + 8, -g - 4 = -3*g + 5*z. Suppose g*r + 7 = r. Let k(j) = j + 3. Let f be k(r). Let v(b) = 2*b**2 + 6*b + 1. Calculate v(f).
9
Let l(m) = 5*m**2 + 2*m - 1. Let r(y) = -6*y**2 - 3*y + 2. Let i(t) = -5*l(t) - 4*r(t). What is i(2)?
-3
Let o(y) = -y - 7. Let r be o(-9). Let x(k) = -k - k**3 + 2*k - 3*k + k + 2*k**r. Let m = -2 - -3. What is x(m)?
0
Suppose f + 0*o + 3 = -3*o, f - 4*o - 4 = 0. Suppose f - 3 = -r. Let z(j) = 2*j**2 - 3 - 3*j + 0*j**2 + j. Calculate z(r).
9
Let c(n) be the third derivative of n**9/60480 + n**8/2880 + n**7/840 - n**6/360 + n**5/30 + 3*n**2. Let b(v) be the third derivative of c(v). What is b(-6)?
-2
Let j(g) = 2*g**2 - 3*g + 3. Suppose -a = -2*y - 3, -3*a = -y + 5*y + 1. Suppose u - 3 + a = 0. What is j(u)?
5
Let n(t) be the second derivative of -t**4/12 + 5*t**3/6 + 14*t. Give n(3).
6
Let s(y) be the first derivative of 5/24*y**4 + 1/2*y**3 + 3 + y**2 + 0*y + 1/30*y**5. Let w(q) be the second derivative of s(q). Give w(-3).
6
Let l = 48 + -33. Suppose 0 = -0*x + 3*x - l. Let s(h) = -h**2 + 5*h + 1. Determine s(x).
1
Let l be 1 - (-1 - -1) - -6. Let h(y) = -7*y**2 + 0*y + y**3 + 0*y. Let a be h(l). Let k(j) = -j**3 + j**2 + j - 5. Give k(a).
-5
Let j be 5 + 2/(1*-2). Let p(q) = 2*q + 5. Let g(t) = 3*t + 9. Let y(s) = 3*g(s) - 5*p(s). What is y(j)?
-2
Let b = 8 + -6. Let d(f) be the second derivative of -1/3*f**4 + 0*f**2 + f + 1/20*f**5 + 0 + 1/2*f**3. Give d(b).
-2
Let j(b) = 4*b**2 + 3*b - 3. Let n(z) = -7*z**2 - 5*z + 6. Let a(q) = 5*j(q) + 3*n(q). Let f(u) = 3*u + 3. Let y be f(-2). Calculate a(y).
-6
Let c = 6 - 9. Let b(g) be the first derivative of -g**4/4 - 5*g**3/3 - g**2 + g + 50. Calculate b(c).
-11
Suppose 5*z + 45 = 5*k, k + 2*k + 5*z - 3 = 0. Let n(s) = s**3 - 7 - 4*s + 4*s**2 - 2*s**2 - k*s**2. Determine n(5).
-2
Let n(m) be the second derivative of -m**4/12 - 2*m**3/3 + 3*m**2 + 5*m. What is n(-6)?
-6
Let v = 47 + -46. Let z(m) = 5*m - 1. Let o(a) = -9*a + 2. Let l(u) = 2*o(u) + 5*z(u). Determine l(v).
6
Let u(r) = -r**3 - 7*r**2 - 6*r + 2. Let q be u(-6). Let w(p) = -3*p + q*p + p + 6*p. Let k be w(-1). Let a(s) = -s - 5. Give a(k).
1
Let x(n) be the third derivative of -1/2*n**3 + 0 + 1/12*n**4 + 4*n**2 - 1/60*n**5 + 0*n - 1/120*n**6. Give x(2).
-11
Suppose 5*m = 5*y + 15, 0 = -7*y + 2*y - 2*m - 29. Let v(b) = b**3 + 5*b**2 + b - 2. Give v(y).
-7
Let h(n) = n - 12. Let s = -66 + 73. Give h(s).
-5
Let q(g) be the first derivative of 3*g**2/2 - 9. Calculate q(-5).
-15
Suppose -3*j = -4*t - 5 + 25, -14 = t + 4*j. Suppose 1 + 7 = -t*x. Let m(l) = -3*l + 0*l + 2*l. Calculate m(x).
4
Let v(c) = -2 + 2 + 5*c + 1 - 6*c. Let s(d) = 4*d - 3. Let l(m) = -s(m) - 3*v(m). Give l(-5).
5
Let u(k) = -k**3 - 2*k**2 + 2*k + 3. Let q(a) = -a - 4. Let x be q(-6). Suppose 3*p = -l + 9 + 7, -21 = -l - 4*p. Let c be (1 - x)*2*l. Give u(c).
-1
Let o = 49 - 45. Let y(f) = f**2 - 5*f. Determine y(o).
-4
Let q(o) be the second derivative of -1/6*o**3 - o + 1/2*o**2 + 0. Let x be q(-4). Let y(d) = -d**2 + 4*d - 4. Determine y(x).
-9
Let b be (10/6)/(18/54). Let w(s) = s. Give w(b).
5
Let a = -1 + 0. Let q(n) = -7*n**2 - 2*n - 1. Determine q(a).
-6
Let b(s) = -s**2 - 5*s + 5. Suppose -7 + 0 = l. Let j = 2 + l. Give b(j).
5
Let y(s) = -6*s**2 + 26*s + 17. Let h(q) = -2*q**2 + 9*q + 6. Let x(f) = 11*h(f) - 4*y(f). Calculate x(4).
10
Let d(g) = g - 11. Let y(u) = 5*u**2 - 4*u + 6. Let a(s) = -6*s**2 + 5*s - 6. Let j(m) = 6*a(m) + 7*y(m). Let n be j(0). Give d(n).
-5
Let v(p) be the third derivative of -p**5/60 - p**3/6 - 4*p**2. Determine v(-2).
-5
Let f(x) be the second derivative of -x**4/12 - 2*x**3/3 - 2*x**2 + 6*x. What is f(-3)?
-1
Suppose 2*j + j = 57. Suppose 2*r + 3*r - 5*w = -55, -w - j = 4*r. Let q(h) = -346*h + 168*h + 177*h. Calculate q(r).
6
Let x(g) = -g**3 + 5*g**2 + 2*g - 5. Let m be 10/14*(-28)/(-4). Give x(m).
5
Let u = 1 + -1. Let w(s) = 0*s**2 - s**2 + 9 - s - 2*s + 4*s. Determine w(u).
9
Suppose 5*y + 3*a - 3 = 4*y, 4*y - 12 = 2*a. Let f(i) be the second derivative of i**3/6 + i**2/2 - 6*i. What is f(y)?
4
Let g(a) = -a**2 + 7*a + 4. Let p be g(7). Let i(v) = -2*v - 1. Give i(p).
-9
Suppose -4*l = 4*k - 12 - 4, 0 = -5*k + 2*l - 8. Let t(c) = -c + 13. What is t(k)?
13
Suppose -o - 60 = 11*o. Let b(d) = -2*d - 4. Calculate b(o).
6
Suppose 10*w + 3*w = 26. Let n(y) = 0*y**2 + 3*y**3 - 1 + y - 2*y - 2*y**2. Determine n(w).
13
Let h(v) = 3*v - 2. Let k = 4 + -2. Calculate h(k).
4
Let s(y) be the third derivative of -y**4/8 + 2*y**3/3 + y**2. Determine s(6).
-14
Let r(q) = q**2 - q - 4. Let s be r(0). Let v(b) = -2 - 5 + 2 - 2*b. What is v(s)?
3
Let u(s) be the sec